e factors of m?
37
Let t(s) = 20*s - 8. List the prime factors of t(8).
2, 19
List the prime factors of 4/((15/50)/3).
2, 5
Suppose 4*j + 16 - 64 = 0. Suppose 2*v - 92 = -j. What are the prime factors of v?
2, 5
Let w = 50 - 37. List the prime factors of w.
13
Let f(o) = -5*o. Let b(v) = 2*v**2 - 1. Let p be b(-1). Let m = p - 4. What are the prime factors of f(m)?
3, 5
Suppose -2*y - 16 + 6 = 0, -325 = -5*t + 2*y. Suppose 2*g + t = -4*r - g, -3*g = -9. Let a = 26 + r. What are the prime factors of a?
2
Let t(i) = i**2 + 4*i - 6. Let d(c) = -c**3 + 12*c**2 - 2*c + 18. Let q be d(12). List the prime factors of t(q).
2, 3
Let t = 22 + -46. Let j be (-2)/12 - 76/t. List the prime factors of (-12)/((-3)/(-2) - j).
2
Let k(r) = 53*r**3 + r**2 - r. What are the prime factors of k(1)?
53
Let c(o) = -o. Let y = 11 - 25. Let m = y - -6. What are the prime factors of c(m)?
2
Suppose -15 = -2*v - 3*v. Suppose 4*g - 13 - v = 0. Suppose c = -c + g. What are the prime factors of c?
2
Let s(o) = o**3 - 10*o**2 - 10*o - 9. Let f be s(11). Suppose 0 = -0*h + f*h - 6. List the prime factors of h.
3
Let g(c) = 3*c - 3 + c - 2*c. What are the prime factors of g(7)?
11
Let d(w) = w**2 + 3*w + 9. Let t = 15 + -21. Let g be d(t). Suppose 3*f - 4*c - g = c, c = 3. List the prime factors of f.
2, 7
Let c be 1 - (3 - 32)*1. List the prime factors of (-12)/c + 154/10.
3, 5
Let f = -4 - -7. Let s(x) = x**2 + x + 1. What are the prime factors of s(f)?
13
Suppose 0*d + 5*q = -4*d + 5, 4*d + 3*q - 3 = 0. Suppose d = 2*z + z - 24. Suppose p - z = -3. List the prime factors of p.
5
Let x(u) = -u**3 + 4*u**2 + u + 1. Let c be x(4). Let j be c*((-44)/(-10) - 0). Let v = j + -13. List the prime factors of v.
3
Let m(f) = 4*f**2 + f + 2. Let t(x) = -x + 7. Let s be t(10). Let a be m(s). Let n = -22 + a. List the prime factors of n.
13
Suppose 4*d - 11 = 5. Suppose -d*y - 6 = -22. List the prime factors of (64/20)/(y/10).
2
Let b = 70 - 45. What are the prime factors of b?
5
Suppose 0 = -35*f + 38*f - 21. What are the prime factors of f?
7
Let a(w) = 0*w - 3*w + 6*w**2 - 2*w - 3 - w**3. Suppose 9*n - 20 - 16 = 0. What are the prime factors of a(n)?
3
Suppose -3*y = y - 104. List the prime factors of y.
2, 13
Let o = 1 + 3. Suppose -2*k - o*k = -84. What are the prime factors of k?
2, 7
Suppose 0 = 4*j - 4*h - 1300, 3*j - 7*j + 2*h = -1308. List the prime factors of j.
7, 47
Suppose 85 = 3*f - 4*r, -2*f + 47 = 3*r - 38. List the prime factors of 10/f + (-206)/(-14).
3, 5
Suppose 4*n = 11 + 5. Suppose 0 = -2*h - n*m + 8 + 10, 2*h = m + 33. List the prime factors of h.
3, 5
Let j be 3 - 0 - (-2 - 0). Suppose 37 = 5*i + c - 0, -j*i = -2*c - 46. What are the prime factors of i?
2
Suppose 3*k - k = 16. Let j = -5 + k. Suppose -f + j*i + 13 = f, 0 = i + 3. What are the prime factors of f?
2
Let s = 63 + -8. List the prime factors of s.
5, 11
Let p = 0 - -19. What are the prime factors of p?
19
Let w = 329 - 194. What are the prime factors of w?
3, 5
Suppose 2*d - 5*b = -3*b, 4*d - 5*b = -2. Suppose -4*o + 4*w = -96, -5*o + w + 90 = d*w. What are the prime factors of o?
19
Let b(u) = u**3 - 8*u**2 + 7*u + 7. What are the prime factors of b(7)?
7
Let c(l) = -l**3 + 7*l**2 - 6*l - 7. Let g be c(5). Let q = g + -9. List the prime factors of 6/q + (-21)/(-6).
5
Let r = -6 - -9. Suppose r - 67 = -2*s. Let o = -16 + s. What are the prime factors of o?
2
Suppose t - u = -5, 5*u = 2*t - 4*t - 3. Let n = t + 7. Let d = n - -5. List the prime factors of d.
2
Let g(w) = w - 1. Let s be 58/15 - (-2)/15. Let k be g(s). What are the prime factors of ((-40)/6)/(k/(-9))?
2, 5
Suppose 3*h + 74 = 5*l - 0*l, 2*l = h + 30. Suppose -l + 49 = 3*v. List the prime factors of v.
11
Let r(f) = -f**2 - 5*f. Let h be r(-4). Suppose 0*t = h*t - 48. What are the prime factors of t?
2, 3
Suppose -12 = -3*y + 330. List the prime factors of y.
2, 3, 19
Suppose -4*x = -5*d - 21, -2*x + d + 0*d + 15 = 0. Let k = x + -3. List the prime factors of k.
2, 3
Let y be 1*((-3)/1)/3. Let w be y/(-4) + 76/16. Suppose 5*v - 3*v - 17 = -w*j, 2*v - 7 = -3*j. What are the prime factors of j?
5
Let f be -3 - 8*3/2. Let c = -2 - f. List the prime factors of c.
13
Suppose -4*u + 90 = 5*r, 3*r + 20 = -3*u + 74. What are the prime factors of r?
2, 3
What are the prime factors of (3 - (4 - -1)) + 83?
3
Let f(c) = 3*c + 3. Let v be f(-2). Let u(d) = -4*d + 4 - 3 - 4. What are the prime factors of u(v)?
3
Let y be 4 - (0 - (3 - 4)). Suppose y*x + 2*x - 15 = 0. List the prime factors of x.
3
Suppose 10*c - 750 = 4*c. What are the prime factors of c?
5
Suppose -122 = -4*x - 2*d, -x + 38 = -0*x + 3*d. Let n be (-12)/30 - 67/(-5). Let m = x - n. What are the prime factors of m?
2
Let h(v) = 3*v - 8. Let d = 2 - -7. Let p be h(d). Suppose -g + 24 = 3*x, 0*x - p = -4*x + 3*g. List the prime factors of x.
7
Let x(w) = 24*w**2 - w. Let y be x(1). Suppose 5*s + 3*p = 125, 4*s - y = 5*p + 40. List the prime factors of s.
2, 11
Suppose -i + 2 = -2*j + 4, 0 = -3*j - 4*i + 3. Let v = -4 - j. What are the prime factors of (-258)/(-30) + (-2)/v?
3
Let u be (0/2)/(3/1). Suppose u = 2*h - 8 - 22. What are the prime factors of h?
3, 5
List the prime factors of (-31)/(-2)*(29 + -11).
3, 31
Let r(j) = -j + 2. Suppose -1 = -n + 3, 0 = -3*m + 3*n - 6. Let x be r(m). Suppose -2*s + 16 = -x*s - 4*g, -3*g - 6 = 0. List the prime factors of s.
2
Let v(c) = -c + c**2 + 5*c + 3 + c. Let m be v(-5). Suppose b + 20 = m*j - 5, -45 = -4*j - b. List the prime factors of j.
2, 5
Let s(i) = 38*i**3 + i**2 + 2*i - 3. List the prime factors of s(2).
3, 103
Let w = 189 + -87. What are the prime factors of w?
2, 3, 17
What are the prime factors of -18*(-3)/24*4?
3
Suppose 0*d - 5*d + 5*z + 240 = 0, -5*d + 226 = 2*z. What are the prime factors of d?
2, 23
Suppose 4*h = -v + 1146, 5*h - v + 2*v - 1432 = 0. List the prime factors of h.
2, 11, 13
Let u be 54/10 + 2/(-5). Suppose -u*v - 18 = 2*r, -3*r - 7 = 4*v + 13. List the prime factors of (2/6)/(v/(-12)).
2
Let k = 43 + -18. Suppose -3*n + j = -3*j - k, -2*j = 5*n - 7. List the prime factors of n.
3
Let y = 120 - 28. Suppose 0 = -4*r - 32 + y. Let a = -9 + r. What are the prime factors of a?
2, 3
Let p = 13 - 11. List the prime factors of (-1*32*-1)/p.
2
Let x = 24 - 17. Suppose -4*m - x + 23 = 0. Suppose 13 = r + m. What are the prime factors of r?
3
Suppose -7*x = -28 - 7. Let n(j) = 2*j + 2. Let k(q) = -q - 1. Let z(s) = -13*k(s) - 6*n(s). List the prime factors of z(x).
2, 3
What are the prime factors of (-1 + (-17)/2)/((-25)/50)?
19
Let g = 12 + 176. What are the prime factors of g?
2, 47
Suppose 0 = 2*t - 0*t. List the prime factors of (-45)/(-5)*(t + 2).
2, 3
Suppose 3*k - 2*m - 95 = 0, -2*k + m = -k - 30. What are the prime factors of k?
5, 7
Suppose 5*z = -h + 16, 2*h + 2*h + 5*z = 19. Let q(b) = -2 + 0*b + b + h. What are the prime factors of q(9)?
2
Let u = 9 + -5. Suppose 87 - 11 = u*m. List the prime factors of m.
19
Suppose 10*q = 2*q + 2904. What are the prime factors of q?
3, 11
Suppose -w = -2*l - 2*l + 203, 0 = l - w - 47. List the prime factors of l.
2, 13
Let z = -23 + 8. Let s = 6 + z. Let n = -6 - s. What are the prime factors of n?
3
Let p be 92/(-12)*(-3 + 12). Let j = p + 97. List the prime factors of j.
2, 7
Let t = 357 - 123. List the prime factors of t.
2, 3, 13
Let d(g) be the third derivative of g**5/30 - 7*g**4/24 + 5*g**3/6 + 6*g**2. List the prime factors of d(5).
2, 5
Let v be (-2)/6 + 8/6. Let g = 25 + -28. List the prime factors of g + v - 6/(-1).
2
Suppose 3*w - 2*w = 27. What are the prime factors of w?
3
Suppose f - 5 - 7 = 0. List the prime factors of f.
2, 3
Let n(b) be the first derivative of -11/3*b**3 + 4 - 1/4*b**4 + 0*b**2 + 11*b. List the prime factors of n(-11).
11
Let j(v) = -v**2 - 20*v + 13. What are the prime factors of j(-10)?
113
Suppose 0 = -5*w + 8 + 27. Let n(r) = -r**3 + 7*r**2 + 7. List the prime factors of n(w).
7
What are the prime factors of 8/60 - 2716/(-105)?
2, 13
Let t(n) = -5*n**3 - n**2 - 5*n - 17. Let y(h) = h**3 + h. Let z(v) = -t(v) - 4*y(v). What are the prime factors of z(0)?
17
Suppose -2*y - 12 = y. List the prime factors of y/22 + (-134)/(-11).
2, 3
Let d(q) = q**2 - 2*q + 1. Let u be 1/((-2)/(-12) - 0). What are the prime factors of d(u)?
5
Let l = -6 